y + 26 = 2*h. Let d be 2*-1*(-115)/h. Suppose -3*z + 1 + d = 0. What are the prime factors of z?
2
Suppose 5*x + 4*f = -103, 47 = -3*x + f + 4*f. Let o = x - -38. What are the prime factors of o?
19
Suppose -5*g + 100 = -g. Let d = -18 + g. Suppose 5*o + 2 = k - 3, k = 4*o + d. What are the prime factors of k?
3, 5
Let o(s) = s**3 - 9*s**2 + 9*s - 6. What are the prime factors of o(8)?
2
Let s(d) = -8 + 2 + d**2 - 8*d - 3*d. List the prime factors of s(14).
2, 3
Suppose -d = 3*q - 15, q + 3*d - 9 = -4. List the prime factors of q.
5
Suppose 2*i - 254 = -5*w + 245, i = -3*w + 250. What are the prime factors of i?
13, 19
Suppose -255 = -2*x - 5*g + 71, 0 = 3*g. What are the prime factors of x?
163
Let k be -14*2*15/12. What are the prime factors of 15/(-2)*84/k?
2, 3
Suppose 0 = -5*m - 19 - 16. Let p = -6 + 15. Let q = m + p. List the prime factors of q.
2
Suppose 0*s = -5*s + 120. What are the prime factors of s?
2, 3
What are the prime factors of -2 + 3/(-3) + 238?
5, 47
Let a(n) = -n - 6. Let m be a(-11). Suppose 3*h + m*t - 74 = 17, -2*h - 3*t + 60 = 0. List the prime factors of h.
3
Suppose 3*a + 38 = 5*f - 8, 5*f - 5*a - 40 = 0. What are the prime factors of f?
11
Let a be (-12)/4*16/(-6). Let w(y) = -y**3 + 9*y**2 - 6*y + 12. What are the prime factors of w(a)?
2, 7
Let t(b) = -b**3 + 16*b**2 - 18*b + 21. What are the prime factors of t(13)?
2, 3, 7
Let l(h) be the third derivative of h**4/24 - h**3/2 + 2*h**2. List the prime factors of l(5).
2
Let p be 0*(0 - -1 - 0). Let t = 4 - p. Suppose 4*q + 2*a = 32, -2*a - 20 = -t*q + 2*a. What are the prime factors of q?
7
Let w be (-1)/(22/(-10) - -2). Suppose w*f = -4*z + 48, -4*z = -4*f + z + 63. What are the prime factors of f?
2, 3
Suppose -5*o - 68 = -163. What are the prime factors of o?
19
Let b(z) = z**3 + 4*z**2 - 6*z - 1. Let g be b(-5). Suppose p = -5*a - g*p + 85, 4*p = 4*a - 44. List the prime factors of a.
2, 7
Let g = 33 + -10. List the prime factors of g.
23
Let g = -138 - -38. Let t = g - -149. Suppose 0 = -4*m + t + 3. List the prime factors of m.
13
Suppose -p + 3 = 1. Suppose -c - 4*i = -p*i - 19, -5*i - 35 = -3*c. List the prime factors of c.
3, 5
Suppose -k = -22 - 5. What are the prime factors of k?
3
Suppose -3*s - 3*a = -18, -5 = 2*s + a - 13. What are the prime factors of s?
2
Suppose -6 = 4*c - n - 42, 4*c - 3*n - 28 = 0. List the prime factors of c.
2, 5
Let w = 11 + 40. Let n = w + -30. What are the prime factors of n?
3, 7
Let a(l) = -6 + 6*l**2 + 0*l - l**3 + 2 - 4*l. Let i(u) = u**3 + 3*u**2 + 4. Let n be i(-3). What are the prime factors of a(n)?
2, 3
Suppose -q = 6*q - 427. What are the prime factors of q?
61
Let a = -21 - -35. Suppose 0 = 4*i - i - 5*b - a, -i = 4*b - 16. List the prime factors of i.
2
Let p(h) = 1. Let c(b) = -7*b + 15. Let s(w) = -c(w) + 6*p(w). What are the prime factors of s(6)?
3, 11
Let k(n) = n**2 - 4*n + 1. Let j be k(4). What are the prime factors of j/(-2) - 30/(-4)?
7
Let w(y) = -5*y**2 - 2*y + 1. Let l be w(1). Let x(p) = -p**3 - 6*p**2 - p + 8. What are the prime factors of x(l)?
2, 7
Suppose 11*l = 5*l + 936. What are the prime factors of l?
2, 3, 13
Let r(f) = f**2 + f + 95. Let g be r(0). Suppose -5*t = 15, 5*v - 4*t = -13 + g. List the prime factors of v.
2, 7
Suppose 65 = -3*d + 194. Suppose 8 = 3*r - 5*i - d, 4*r = 2*i + 54. What are the prime factors of r?
2, 3
Let x(a) = -a**3 - 3*a**2 - a + 3. List the prime factors of x(-3).
2, 3
Suppose -3*g = -0*g + 4*z - 259, -g = 3*z - 78. List the prime factors of g.
3, 31
Suppose -d = 1, -d = -2*n - 15 + 102. What are the prime factors of n?
43
Suppose 4*f + 3*u + 26 = -0*u, 0 = u + 2. Let g(r) be the third derivative of r**5/60 + 5*r**4/24 + r**3 - r**2. What are the prime factors of g(f)?
2, 3
Let j = -102 + 279. What are the prime factors of j?
3, 59
Let a = -8 + 11. What are the prime factors of (-54)/(-15) + a/(-5)?
3
What are the prime factors of 180/(-27)*(-72)/10?
2, 3
Suppose 5*j + 6 + 14 = 0. Let z = 28 - j. What are the prime factors of z?
2
Suppose 116 = 3*u + 2. List the prime factors of u.
2, 19
Let a be 1/(-1)*(-2 + 0). Let o be 472/12 + 2/3. Suppose o = 4*d - a*d. What are the prime factors of d?
2, 5
Let h = 12 + 105. List the prime factors of h.
3, 13
Let c = -5 - -9. Suppose c + 1 = -l. What are the prime factors of (-72)/l - 12/(-20)?
3, 5
Let y(a) = a**3 - a + 115. What are the prime factors of y(0)?
5, 23
Let g be (-5)/(1 + -2) + 0. Let j be -1 + 1 + 4 + 0. Suppose g*p - 6 - j = 0. List the prime factors of p.
2
Let s = 38 + 6. Let o = s + -24. List the prime factors of o.
2, 5
Suppose 0*k + k + 9 = -2*l, l + 4*k + 15 = 0. Let f(i) = -i + 6. Let x be f(0). Let p = x - l. List the prime factors of p.
3
Suppose -4*o + 11 = 3*n, 1 = n - 0. Let u = 4 - o. List the prime factors of u.
2
Let r(x) = -2 + 2*x - 3*x + 5*x**2 + 7*x**2. What are the prime factors of r(-2)?
2, 3
Let b(q) = -2*q**2 - 3*q + 1. Let g be b(-3). Let z = g - -13. List the prime factors of z.
5
Suppose 17 = z - 0*a + 2*a, -4*a = -3*z + 101. What are the prime factors of z?
3
Let u(y) = -y - 2. Let k(b) = 4*b**3 - 1. Let j be k(1). Let d be u(j). Let h(c) = -c**2 - 7*c + 1. List the prime factors of h(d).
11
Let j = 1 + 1. Let k(v) = -v**2 + 3*v + 3. Let p be k(3). Suppose 0 = p*b + j*b - 55. What are the prime factors of b?
11
Suppose 0 = -4*t - 7 - 5. Let d be (-1 - 1 - t)*-1. List the prime factors of 1/(d/(-2)) - -2.
2
Let h = 10 - 10. Suppose m = -h*m. Let d = 13 - m. List the prime factors of d.
13
Let d(r) = 32*r**2 - 4. List the prime factors of d(-2).
2, 31
Let c = -30 - -56. Suppose -f - f = -c. List the prime factors of f.
13
Let o(c) = -c**3 + 3*c**2 + 5*c - 2. Let u be o(4). Suppose u*v = -2*g + 70, -v + 3*g - 3 = -46. List the prime factors of v.
37
Let o = 25 - -6. List the prime factors of o.
31
Let b = -20 + 60. Let x = -21 + b. Let a = x + -11. List the prime factors of a.
2
Let y(r) = -14*r + 3. Suppose 0 = 2*x + 2, -4 = 5*w - 9*w - 4*x. Let m be y(w). List the prime factors of (-2)/6 + m/(-3).
2
Let x = -35 - -53. Let h = 35 - x. Let c = -4 + h. What are the prime factors of c?
13
Let k be (-2)/(-8) + 132/(-16). List the prime factors of 34/4 - (-4)/k.
2
Let n be (-57)/(-5) - 18/(-30). Suppose 5*y = -4*f + f + 15, 3*y - 3*f - 9 = 0. Suppose -y*u + n = -u. List the prime factors of u.
2, 3
Let p = 5 - 4. Let i = p + -4. List the prime factors of 7 - i - (2 - -1).
7
Let z(s) = -1 + s - 8*s**3 + 3*s - s - 2*s**2 - 5*s. What are the prime factors of z(-1)?
7
Suppose b = -0*b + 30. What are the prime factors of (b + 3)*(-2)/(-6)?
11
Let q(j) = j**2 - 5*j. Let u be q(5). Let o(v) = -v**3 + v**2 + 3. What are the prime factors of o(u)?
3
Let u be (-5*2)/(-1*2). Let c(z) = -2*z + 6. Let t be c(u). Let k = 7 + t. List the prime factors of k.
3
Let q(y) = -y**3 + 6*y**2 - 5*y + 6. List the prime factors of q(4).
2, 3
Suppose 16 = -2*p + 3*p. Let r = p - -1. Let s = r + -7. List the prime factors of s.
2, 5
Suppose -3*h - 5 = 1. What are the prime factors of (-27)/h*16/12?
2, 3
Let o be 1764/99 + 2/11. Suppose o = z + z. What are the prime factors of z?
3
Suppose -f = 4*f. Suppose f = -4*o - h + 116, 2*h = 2*o + h - 58. What are the prime factors of o?
29
Suppose -5*b + 90 = 2*w, 0*w + w + 5*b - 45 = 0. List the prime factors of w.
3, 5
Let r be 1*(-1)/1*-2. Let a = -4 + 13. Let y = r + a. List the prime factors of y.
11
Suppose -2 = -3*t - 5*b + 1, -t - 5*b - 9 = 0. Let q = t - -2. Suppose 3*w - q*w + 85 = 0. What are the prime factors of w?
17
Let d be (-16)/(-10) + 2/5. Let p(f) = -3 - d*f + f + 3*f - 9. List the prime factors of p(11).
2, 5
Suppose -4*n - 578 = -2*l, 432 = 2*l - 5*n - 143. List the prime factors of l.
5, 59
Let g = 30 + -43. Let p(w) = -w**3 - 12*w**2 + 9*w - 15. What are the prime factors of p(g)?
37
Let c = -91 - -111. What are the prime factors of c?
2, 5
Suppose -3*c - 74 = -2*z + 24, 5*c - 130 = -2*z. What are the prime factors of z?
5, 11
Let d = -4 - -13. Let a = -3 + d. What are the prime factors of 9/(1*a/8)?
2, 3
Suppose 0 = -3*f + 9 - 3. Suppose 0 = -f*r + 5*r - 21. List the prime factors of r.
7
Suppose 0 = 5*a, i - 33 = -2*i + 5*a. Suppose 0 = 3*n - 47 + i. Suppose 0*k - n = -2*k. What are the prime factors of k?
2, 3
Let f(x) = -x + 3. Suppose 18 = 